i. Determine f(5).
-5
Let m(a) = 2*a**2 + 11*a - 2. Determine m(-4).
-14
Let h(u) = -3*u + 1. What is h(1)?
-2
Let u(i) = -3*i + 43. What is u(-6)?
61
Let c(l) = -7*l**2 - 168*l + 168. Give c(1).
-7
Let i(j) = -j**2 - 10*j - 6. Give i(-7).
15
Let o(t) = -t**2 + 8*t + 151. Give o(-9).
-2
Let c(j) = j**2 + 5*j - 4. Determine c(-7).
10
Let b(n) = n**3 + 12*n**2 + 38*n + 19. Calculate b(-7).
-2
Let c(l) = l**3 - 6*l**2 - 6. Give c(6).
-6
Let o(f) = f**3 - 3*f**2 - 6*f + 13. Calculate o(3).
-5
Let a(t) = -3*t + 1. Give a(-1).
4
Let f(l) = 8*l**2 - 9*l + 8. What is f(1)?
7
Let w(t) = t**3 + 4*t**2 + 10*t + 4. Determine w(-4).
-36
Let m(g) = g**3 - 10*g - 2. Give m(3).
-5
Let y(g) = -g**3 - 6*g**2 + 5*g - 9. Calculate y(-6).
-39
Let r(b) = 8*b - 28. Determine r(4).
4
Let f(k) = -5*k**3 - 2*k**2 - 7*k - 6. Determine f(-1).
4
Let b(m) = -m**2 + 16*m - 29. Determine b(14).
-1
Let h(c) = 38*c**2 - 2*c - 2. Determine h(-1).
38
Let f(d) = d**2 - 15*d - 63. Give f(20).
37
Let m(o) = -47*o - 302. Calculate m(-6).
-20
Let d(l) = -l**2 + 9*l - 12. Determine d(7).
2
Let i(b) = b**3 - 16*b**2 - 22*b - 31. Calculate i(17).
-116
Let j(k) = -3*k**2 + 13*k - 9. What is j(6)?
-39
Let u(t) = 74*t - 295. Give u(4).
1
Let k(y) = 55*y - 2. Give k(1).
53
Let p(s) = 3*s - 94. Calculate p(33).
5
Let j(u) = -u**2 + 40*u - 3. Give j(40).
-3
Let h(k) = 2*k - 19. Give h(6).
-7
Let f(b) = -15*b - 45. Determine f(-2).
-15
Let o(q) = q**2 - 23*q - 56. Determine o(25).
-6
Let f(m) = -m - 6. Determine f(11).
-17
Let h(b) = b**3 + 9*b**2 - 11*b - 1. Determine h(-10).
9
Let x(g) = g - 3. Give x(-7).
-10
Let c(q) = -q**3 + 4*q**2 - 4*q - 3. Determine c(4).
-19
Let z(q) = q + 5. What is z(-2)?
3
Let y(k) = k**2 - 10*k - 12. Calculate y(11).
-1
Let x(a) = -4*a + 23. Give x(7).
-5
Let b(f) = -15*f**2 - 8*f - 7. Determine b(-1).
-14
Let d(g) = 3*g**3 - g**2. Determine d(2).
20
Let d(w) = -w**2 - 35*w + 162. Determine d(4).
6
Let d(u) = -u**3 + 12*u**2 + u - 7. Give d(12).
5
Let i(k) = k**2 + 15*k + 13. What is i(-17)?
47
Let i(y) = -y**3 - 54*y**2 + 57*y + 117. What is i(-55)?
7
Let y(w) = -w**2 - 7*w - 3. What is y(-6)?
3
Let s(a) = -a + 6. Determine s(4).
2
Let t(i) = i**3 - 8*i**2 + 8*i + 13. What is t(6)?
-11
Let r(w) = w**3 - 7*w**2 - 4*w + 1. Give r(8).
33
Let s(r) = 2*r + 2. Determine s(-5).
-8
Let s(d) = -7*d + 52. Determine s(7).
3
Let m(f) = 5*f**3 - f**2 - 4*f - 2. What is m(-1)?
-4
Let i(v) = 2*v - 4. Give i(-4).
-12
Let x(i) = -i**3 - 5*i**2 - 2*i - 4. Determine x(-5).
6
Let j(n) = -2*n**3 - n**2 - 1. What is j(-2)?
11
Let i(n) = -n**2 + 9*n + 17. Calculate i(11).
-5
Let g(b) = -b**3 - 2*b**2 + 5*b - 2. What is g(-4)?
10
Let l(t) = 5*t**2 - 26*t + 12. Determine l(5).
7
Let k(x) = 2*x**2 + 3*x + 8. Calculate k(0).
8
Let j(a) = -8*a + 60. Calculate j(8).
-4
Let i(r) = -2*r**3 - 3*r**2 - 7*r - 17. Determine i(-3).
31
Let i(v) = 2*v**3 + 5*v**2 + 6*v - 1. Give i(-4).
-73
Let p(n) = -4*n + 9. Give p(-3).
21
Let a(y) = -y**2 - 9*y + 275. Determine a(-22).
-11
Let u(j) = -j**3 + 9*j**2 + 13*j. Give u(10).
30
Let h(b) = 17*b + 9. Give h(2).
43
Let x(s) = -s**3 - 6*s**2 + 3*s + 9. Determine x(-6).
-9
Let x(d) = 13*d + 14. Give x(-1).
1
Let m(u) = -u**3 + 11*u**2 - 2*u + 27. Give m(11).
5
Let f(k) = k**3 - 25*k**2 + 27*k - 77. Determine f(24).
-5
Let h(s) = s**3 - 16*s**2 - 2*s + 25. Calculate h(16).
-7
Let c(q) = 53*q - 1174. What is c(22)?
-8
Let j(m) = -m**3 - 11*m**2 + 8*m + 15. Give j(-11).
-73
Let w(d) = -4*d**3 - d**2 + 3*d. Give w(1).
-2
Let y(m) = m**3 + 11*m**2 + 11*m + 13. Determine y(-10).
3
Let h(w) = -w**2 + 4*w - 3. Calculate h(-4).
-35
Let f(l) = 2*l**2 - 7*l - 5. Calculate f(6).
25
Let w(p) = p**3 - 13*p**2 + 13*p - 7. What is w(12)?
5
Let n(b) = 13*b + 32. Calculate n(-2).
6
Let j(z) = 2*z**2 - 9*z + 32. What is j(6)?
50
Let p(v) = 20*v + 1. Determine p(2).
41
Let n(s) = 2*s**2 + 10*s + 1. What is n(-5)?
1
Let y(o) = -6*o. Calculate y(-1).
6
Let p(x) = 117*x + 816. Give p(-7).
-3
Let a(z) = z**2 + 7*z - 21. What is a(-11)?
23
Let l(m) = 6*m - 63. Give l(10).
-3
Let j(n) = 34*n + 2. Calculate j(1).
36
Let u(h) = -h**2 - h + 5. Calculate u(-3).
-1
Let k(o) = o**3 - 9*o**2 - 5*o + 31. Give k(9).
-14
Let x(g) = -7*g - 1. Give x(-1).
6
Let f(b) = -b**3 - 8*b**2 + b. Determine f(-6).
-78
Let g(a) = 8*a**2 + a + 3. Calculate g(-3).
72
Let w(a) = a**2 + 53*a + 50. Calculate w(-52).
-2
Let m(g) = -g**2 + 24*g + 70. Determine m(27).
-11
Let j(t) = t**2 - t - 2. Determine j(4).
10
Let f(k) = -5*k**2 + 4*k + 17. Calculate f(-5).
-128
Let u(h) = -h**3 - 5*h**2 - 3*h + 9. Give u(-5).
24
Let y(d) = 2*d**3 + 25*d**2 + 12*d + 6. Determine y(-12).
6
Let c(l) = l**3 - 14*l**2 + 12*l + 13. Calculate c(13).
0
Let w(n) = -n**2 + 16*n - 11. Give w(16).
-11
Let b(g) = -g**3 - 10*g**2 - 10*g - 7. What is b(-9)?
2
Let h(l) = 4*l + 2. Calculate h(-5).
-18
Let b(w) = 6*w - 3. Determine b(4).
21
Let c(z) = z**3 - 2*z**2 + z + 4. Determine c(2).
6
Let d(x) = -x**3 + x**2 + 7*x - 10. Calculate d(3).
-7
Let r(m) = -m**3 + 3*m**2 + 2*m - 6. Determine r(3).
0
Let b(n) = 14*n + 233. Give b(-18).
-19
Let m(f) = -f**2 - 11*f + 15. Determine m(-12).
3
Let i(h) = -h**2 + 21*h + 275. Determine i(-9).
5
Let v(r) = r**3 - 6*r**2 - 4*r - 8. Determine v(7).
13
Let o(d) = 8*d + 6. Give o(0).
6
Let j(s) = -s - 5. Give j(-11).
6
Let n(k) = 2*k**3 - 13*k**2 - 7*k + 4. Give n(7).
4
Let z(m) = -2*m**3 + m**2 + 2*m + 2. Give z(3).
-37
Let n(u) = -16*u - 75. Determine n(-10).
85
Let l(v) = -7*v**2 - v. What is l(1)?
-8
Let a(d) = -d**2 + d + 1. Determine a(4).
-11
Let l(p) = -117*p**2 + p + 2. Calculate l(-1).
-116
Let n(s) = s**2 - s + 1. Give n(3).
7
Let b(l) = l**3 + 5*l**2 - 16*l - 8. Determine b(-7).
6
Let j(o) = -47*o**3 - o**2 - o + 1. Give j(1).
-48
Let d(i) = -i**2 - 7*i - 5. Calculate d(-7).
-5
Let b(g) = g**3 + 7*g**2 - 11*g - 11. Determine b(-8).
13
Let s(z) = z**3 - 7*z**2 - 8*z - 19. Determine s(8).
-19
Let m(r) = -r**3 + 6*r**2 - 7. Give m(7).
-56
Let a(q) = -16*q + 31. Calculate a(-4).
95
Let n(l) = -l**2 - 8*l. What is n(-7)?
7
Let r(k) = -k**3 + 20*k**2 - 95*k + 6. Give r(7).
-22
Let b(k) = -k**2 + 18*k + 28. Calculate b(19).
9
Let m(i) = 2*i**3 + i**2 - i - 4. What is m(-3)?
-46
Let j(d) = 5*d - 78. What is j(13)?
-13
Let l(t) = t**2 + 16*t - 72. Determine l(-18).
-36
Let l(u) = -u - 7. Determine l(-7).
0
Let f(g) = -4*g**2 - 41*g - 37. Calculate f(-9).
8
Let o(f) = 8*f + 20. Determine o(2).
36
Let u(y) = y**3 + 8*y**2 + 16*y + 15. Give u(-7).
-48
Let g(v) = v - 38. Calculate g(14).
-24
Let k(p) = -3*p + 31. Calculate k(8).
7
Let g(r) = r**2 - 2*r - 16. Calculate g(7).
19
Let j(q) = 4*q + 21. Determine j(-3).
9
Let w(b) = b**3 - 59*b**2 + 61*b - 166. What is w(58)?
8
Let t(l) = 34*l + 380. Calculate t(-11).
6
Let a(u) = u**3 - 2*u**2 + 4*u - 3. Calculate a(2).
5
Let c(h) = 40*h - 435. What is c(11)?
5
Let f(u) = u**3 - 8*u**2 - 11*u + 7. Give f(9).
-11
Let m(o) = -o**3 - 4*o**2 - 2*o + 1. What is m(-2)?
-3
Let r(g) = -g**2 - 9*g - 13. What is r(-7)?
1
Let h(y) = y**3 + 9*y**2 + 24*y + 21. Calculate h(-4).
5
Let s(g) = g**2 - 10*g - 9. What is s(12)?
15
Let r(c) = c**3 + 19*c**2 + 19*c - 6. What is r(-18)?
-24
Let v(z) = z**2 + 8*z + 11. Give v(-5).
-4
Let i(x) = 9*x**3 + x**2 + 2*x + 1. Calculate i(-1).
-9
Let a(j) = -3*j + 1. Give a(5).
-14
Let j(f) = f**2 + 5*f - 2. Determine j(-5).
-2
Let f(q) = q**3 - 6*q**2 - q - 3. Determine f(6).
-9
Let z(l) = l**3 + 17*l**2 - 41*l - 17. Give z(-19).
40
Let f(d) = d**3 - 4*d + 5. Calculate f(3).
20
Let g(x) = x**3 - 5*x**2 - 3*x - 3. What is g(6)?
15
Let b(j) = -j**2 + 5*j + 5. Calculate b(5).
5
Let b(c) = -27*c + 163. Determine b(6).
1
Let u(r) = -36*r - 896. Calculate u(-25).
4
Let p(z) = 5*z**2 - 3*z - 2. Calculate p(2).
12
Let v(f) = -4*f + 43. Determine v(13).
-9
Let o(c) = -c**2 + 23*c - 24. What is o(22)?
-2
Let f(g) = -g**3 + 10*g**2 + 10*g - 3. Determine f(11).
-14
Let v(y) = y**3 + 3*y**2 - 5*y + 18. Determine v(-4).
22
Let q(p) = p**3 + 3*p**2 + p + 2. Determine q(-3).
-1
Let r(x) = -x - 1. What is r(1)?
-2
Let h(s) = -4*s - 29. Give h(-10).
11
Let o(u) = -2*u**2 + 10*u - 18. Determine o(3).
-6
Let s(b) = 7*b**2 + 6*b + 15. Give s(-5).
160
Let j(n) = -n**3 - 18*n**2 - 18*n - 16. Give j(-17).
1
Let z(s) = -s**2 - 2*s + 21. Give z(4).
-3
Let x(h) 